
3, 7, 1201
Let d = 1346 + -806. Suppose 60*j = 48*j + d. What are the prime factors of j?
3, 5
Let z be 19 - (0 + 2) - 0. Let t(y) = -51 + 3*y + 8 + 15 + z. What are the prime factors of t(13)?
2, 7
Suppose 15 = -5*s - 0, 2*s + 75 = 3*p. Suppose -5*x + 1680 = p*x. List the prime factors of x.
2, 3, 5
Suppose 0 = 2*r - 8, -31656 = -4*i - 414*r + 416*r. What are the prime factors of i?
2, 1979
Suppose -4*v + 642 = -21*q + 22*q, 0 = 4*q + 8. Suppose v*k - 151*k = 10190. List the prime factors of k.
1019
Let p be 4/(-32)*-8*3124. Suppose 28*k = -128 + p. What are the prime factors of k?
107
Let h = 58 + -45. Suppose 20*v + h*v - 4455 = 0. List the prime factors of v.
3, 5
Let j = -19365 - -34091. What are the prime factors of j?
2, 37, 199
Suppose 0 = -2*v - 4*o + 1442, -2136 = -3*v + 7*o - 4*o. Suppose 8185 - v = 6*d. List the prime factors of d.
3, 5, 83
Let k(t) = t**3 + 77*t**2 - 15*t + 496. List the prime factors of k(-37).
7, 17, 67
Suppose -2*b - 3*x = 10, -b + 5*x = 9 - 30. Let c be (-48)/(-6) + 0 - b*3. List the prime factors of ((-3)/6)/(c/(-1580)).
2, 79
Suppose 4*j + 5*w - 50375 = 0, 6317 = j - 4*w - 6261. What are the prime factors of j?
2, 5, 1259
Let m(a) = 3*a**2 - a + 1. Let u be m(-2). Suppose 7*n - 6 = u. Suppose -3*g + 2*g = 5*b - 452, 0 = -n*b + g + 268. List the prime factors of b.
2, 3, 5
Let x = 22036 + -13484. List the prime factors of x.
2, 1069
Suppose 6*s - 825 - 2001 = 0. Suppose 5244 = s*z - 468*z. What are the prime factors of z?
2, 19, 23
Let j = 1105 + -712. Suppose -5*m + 1262 = -j. List the prime factors of m.
331
Let p(s) = -s**2 - 73*s + 172. Let z(c) = -2*c**2 - 109*c + 259. Let k(j) = 7*p(j) - 5*z(j). List the prime factors of k(3).
2, 19
Let g(w) = 20*w - 10. Let q(d) = -d**3 + 11*d**2 - 9*d - 13. Let o be q(10). Let k be g(o). Let i = -44 - k. What are the prime factors of i?
2, 13
Let f(n) = 46*n**2 - 2. Let y = -29 + 29. Suppose -3*w - 3 = -y*w. List the prime factors of f(w).
2, 11
What are the prime factors of 67/((24/(-2664))/(1/(-3)))?
37, 67
Suppose -3*f = -4*k + 254, -2*f + 2*k = 103 + 63. Let g = f - -78. List the prime factors of 315/12 + (g - 4/16).
2, 13
Let g be ((-29)/(-4) - -1)/((-99)/(-264)). Let d = g - 13. Let l(o) = -o**3 + 12*o**2 - 19*o + 1. What are the prime factors of l(d)?
73
Let r(u) = -3*u**2 + 3*u + 79. Let j be r(0). Let b = -79 + j. Let q(g) = 2*g**2 - 3*g + 46. What are the prime factors of q(b)?
2, 23
What are the prime factors of 3284*((-6)/(-4))/(63/(-42))*-6?
2, 3, 821
Let m = -103 - -95. Let f = m - -282. List the prime factors of f.
2, 137
Let o = -672 - -3464. List the prime factors of o.
2, 349
Let j be 2610*(1/((-5)/3) - -1). Let v = 1544 - j. Suppose 17*h - v = 13*h. What are the prime factors of h?
5
Let n = -12143 + 12488. What are the prime factors of n?
3, 5, 23
Let o(r) = r**3 + 6*r**2 + 6*r + 5. Let s be o(-5). Let q be 2 - (-27)/6*(-4)/(-6). Suppose 2*n = n + 3*j + 17, -3*n - 5*j - q = s. List the prime factors of n.
5
Let i(z) = 248*z + 2724. What are the prime factors of i(16)?
2, 7, 239
Let t(p) = -p**2 + p - 4. Let a be t(6). Let r be (-1045)/(-20) + 0 - 6/(-8). Let x = a + r. What are the prime factors of x?
19
Let p be (0 + 9)*(14/3 - 4). Suppose p*r - 18*r + 2736 = 0. Suppose 144 + r = 3*h. What are the prime factors of h?
2, 31
Let c be (6/(-15) - 0) + 376/(-10). Let w = c - -21. Let j(t) = 2*t**2 + 27*t + 28. What are the prime factors of j(w)?
3, 7
Let x = -72 - -103. Let s be 96*(171/12)/19. Suppose 0 = w - 2*g - x - 29, -w + s = 2*g. List the prime factors of w.
2, 3, 11
Let x be 1 + -1323 - (-54)/(-27). Let i = x - -1894. What are the prime factors of i?
2, 3, 5, 19
Suppose 16*c - 71 = 57. Suppose 5*h - 218 = 2*f, 6*f + 2 = c*f. List the prime factors of h.
2, 11
Suppose 0 = -4*m + 2*l + 2*l - 16, 3*m - l + 2 = 0. Let a = 16 + -20. What are the prime factors of 0 + m + a/(-6)*273?
3, 61
Let r(w) = 465*w + 5047. List the prime factors of r(45).
2, 43, 151
Let h be (-1)/(((-1)/4)/(66/24)). Suppose -h*z = -z - 3770. List the prime factors of z.
13, 29
Suppose 0 = 5*i + 65 - 85. Let o(r) be the second derivative of 3*r**5/20 - r**4/3 - 4*r**3/3 - 8*r. List the prime factors of o(i).
2, 3
Suppose -37*j + 550186 = 9*f - 39*j, j = -5*f + 305642. List the prime factors of f.
2, 5, 6113
Suppose -j + 6987 = -3*t - 4*j, 2*t = 3*j - 4683. Let c = -1350 - t. List the prime factors of c.
2, 3, 41
Suppose 8*r + 84 + 308 = 0. Let z = r - -19. What are the prime factors of (-1)/(-2) - z/4?
2
Let o(f) = -3*f + 0 - f**3 + f - 2 + 2*f**3. Let a be o(0). What are the prime factors of a/(-13) - 1548/(-78)?
2, 5
Let l(d) = 851*d**2 + 21*d - 3. List the prime factors of l(3).
3, 31, 83
Let r(w) = -w**3 - 5*w**2 + w + 7. Let h be r(-5). Suppose -4*o = -h - 14. Suppose 519 = 4*v + 2*f + f, f = o*v - 515. What are the prime factors of v?
3, 43
Let f = 5 + -8. Let l(q) be the third derivative of -q**6/120 + q**4/6 + 11*q**3/6 - q**2 - 774. List the prime factors of l(f).
2, 13
Let b = 111 + -96. Let i be (b/60 + 391/4)*2. Let q = 333 - i. What are the prime factors of q?
137
Let f be -1 + 0 - (-13 - 702). Let l = 1160 - f. What are the prime factors of l?
2, 223
Suppose -11984*t + 583500 = -11964*t. What are the prime factors of t?
3, 5, 389
List the prime factors of -34107*(-24)/1008*14.
11369
Let f = 27 + 23429. List the prime factors of f.
2, 733
What are the prime factors of (-11123010)/(-1825) - 1/(-5)?
5, 23, 53
Let h(q) = 6*q**2 - 16*q + 64. Suppose 2*r + g - 35 = 0, -15 = -2*r + 3*g + 24. List the prime factors of h(r).
2, 5, 43
Suppose 0 = -4*k - 2*k + 5*k. Suppose k = 3*i - 5*w - 1826, 5*w - 3*w - 2426 = -4*i. List the prime factors of i.
607
Let j(u) be the third derivative of -u**6/120 - 19*u**5/60 - 7*u**4/4 - 19*u**3/6 - 16*u**2 + u. What are the prime factors of j(-19)?
19, 41
Let c(w) be the first derivative of -29*w**4 + 1/3*w**3 - w - 1/2*w**2 + 27. What are the prime factors of c(-1)?
3, 13
Let o = 1250 - 835. Let x = 750 - o. What are the prime factors of x?
5, 67
Suppose 0 = -101*l + 190*l - 741242 - 1582103. List the prime factors of l.
5, 23, 227
Suppose -267*b + 3418115 = -958058 - 405530. What are the prime factors of b?
17909
Suppose 25*q = 28*q - 1908. Suppose -7*x + q = 5*x. What are the prime factors of x?
53
Suppose -54*d - 71104 = -70*d. What are the prime factors of d?
2, 11, 101
What are the prime factors of ((-4777)/(-1))/(3/9) + 0?
3, 17, 281
Let q(m) = -10*m**3 - 115*m**2 + 145*m - 47. Let p(r) = 7*r**3 + 77*r**2 - 97*r + 31. Let u(j) = 7*p(j) + 5*q(j). List the prime factors of u(-38).
2, 3, 11, 17
Suppose -o + 4*o - 55 = 4*a, -2*a + 10 = 0. Suppose -3*t = 3*d - 4*t - 11, 5*t = -o. What are the prime factors of 0 + ((-21)/4 + d)*-12?
3, 13
Let n(o) = -804*o**3 + 12*o**2 + 12*o + 15. Let i be n(-4). Suppose 36*t = -9*t + i. List the prime factors of t.
31, 37
Let g = 116 + -124. Let q(h) = 6*h**2 + 16*h + 66. What are the prime factors of q(g)?
2, 7, 23
Let q be (-7)/((-196)/72)*7. Suppose 783 = -q*z + 5301. What are the prime factors of z?
251
Suppose -2*k + 6 = -2. Suppose -r + 578 = h, -k = -2*r + 2. Suppose 5*f + 0*s = s + h, f - 91 = 5*s. List the prime factors of f.
2, 29
Suppose -d - 28 = -29, j - 7557 = 5*d. What are the prime factors of j?
2, 19, 199
List the prime factors of (114/228)/(1/35314).
17657
Suppose -3*o + 41 = o - 5*f, 0 = o - f - 9. Suppose 5*d - 4*l - 70 = 0, o*d - 79 = -2*l - 23. Let s = d - -184. List the prime factors of s.
2, 3, 11
Let x(n) = -16*n - 50. Let b = 3 + 37. Suppose 3*l + b - 10 = 0. List the prime factors of x(l).
2, 5, 11
Let j(v) = 1329*v**2 + 37*v - 346. List the prime factors of j(6).
2, 5, 1193
Suppose -7*f + 33024 = 36*f. Suppose f = 4*y + b, 5*y - 11*b - 943 = -8*b. List the prime factors of y.
191
List the prime factors of (-1)/(8/(-14 - 10))*33898/6.
17, 997
Suppose 0 = -9*j - 17 + 44. Suppose 0 = j*b + 7*b. Suppose b = -3*q + 550 - 55. List the prime factors of q.
3, 5, 11
Suppose -4*t = -4*r + 30 + 142, t = 0. What are the prime factors of ((-58)/3 + 0)*(-44 - r)?
2, 29
Let t be (-48)/(-28)*((-1695)/(-10) + -5). Suppose -s + 0*s + 54 = z, -5*s + t = 2*z. List the prime factors of s.
2, 29
Let p(f) = -f**3 + 19*f**2 - 17*f + 8. Let c be p(18). Let n = c + -18. Suppose -3*o - 404 = -n*